{"id":373,"date":"2024-03-05T09:13:31","date_gmt":"2024-03-05T09:13:31","guid":{"rendered":"https:\/\/teamoltrepo.it\/?page_id=373"},"modified":"2024-03-05T09:38:05","modified_gmt":"2024-03-05T09:38:05","slug":"pasqua-pasquetta-agriturismo-il-castagno","status":"publish","type":"page","link":"https:\/\/teamoltrepo.it\/index.php\/pasqua-pasquetta-agriturismo-il-castagno\/","title":{"rendered":"Il Pranzo delle Festivit\u00e0 Pasquali all&#8217;Agriturismo Il Castagno a Borgo Priolo"},"content":{"rendered":"<p>[et_pb_section fb_built=&#8221;1&#8243; admin_label=&#8221;Features&#8221; _builder_version=&#8221;4.24.2&#8243; _module_preset=&#8221;default&#8221; background_image=&#8221;https:\/\/teamoltrepo.it\/wp-content\/uploads\/2024\/02\/sfondo_pop.jpg&#8221; border_radii=&#8221;on|NaNpx|NaNpx|NaNpx|NaNpx&#8221; collapsed=&#8221;on&#8221; global_colors_info=&#8221;{}&#8221;][et_pb_row _builder_version=&#8221;4.23.1&#8243; _module_preset=&#8221;default&#8221; background_color=&#8221;#ffffff&#8221; width=&#8221;88%&#8221; max_width=&#8221;1033px&#8221; border_radii=&#8221;on|10px|10px|10px|10px&#8221; border_width_all=&#8221;2px&#8221; border_color_all=&#8221;#E02B20&#8243; global_colors_info=&#8221;{}&#8221;][et_pb_column type=&#8221;4_4&#8243; _builder_version=&#8221;4.21.0&#8243; _module_preset=&#8221;default&#8221; global_colors_info=&#8221;{}&#8221;][et_pb_text _builder_version=&#8221;4.24.2&#8243; _module_preset=&#8221;109fd070-167a-444f-bbc4-412bb46f9115&#8243; header_2_font_size=&#8221;30px&#8221; text_orientation=&#8221;center&#8221; width=&#8221;800px&#8221; max_width=&#8221;800px&#8221; module_alignment=&#8221;center&#8221; global_colors_info=&#8221;{}&#8221;]<\/p>\n<h2><span style=\"color: #ff0000;\">Pasqua e Pasquetta all&#8217;Agriturismo Il Castagno a Borgo Priolo<\/span><\/h2>\n<p>[\/et_pb_text][et_pb_image src=&#8221;https:\/\/teamoltrepo.it\/wp-content\/uploads\/2023\/11\/CASTANO.jpg&#8221; title_text=&#8221;CASTANO&#8221; align=&#8221;center&#8221; _builder_version=&#8221;4.24.2&#8243; _module_preset=&#8221;default&#8221; custom_margin=&#8221;|10px||10px|false|true&#8221; border_radii=&#8221;on|10px|10px|10px|10px&#8221; border_width_all=&#8221;2px&#8221; border_color_all=&#8221;#E02B20&#8243; global_colors_info=&#8221;{}&#8221;][\/et_pb_image][et_pb_text _builder_version=&#8221;4.24.2&#8243; _module_preset=&#8221;default&#8221; global_colors_info=&#8221;{}&#8221;]<\/p>\n<p class=\"style8\" style=\"text-align: center;\"><span style=\"color: #ff0000;\"><strong>IL MENU&#8217; DEL PRANZO DI PASQUA &#8211; DOMENICA 31 MARZO 2024<\/strong><\/span><\/p>\n<p class=\"style9\" style=\"text-align: center;\"><strong>Salumi di nostra produzione<\/strong><br \/><strong>Insalata russa<\/strong><br \/><strong>Torta pasqualina<\/strong><br \/><strong>Salamino cotto con chutney di mele renette<\/strong><br \/><strong>Uova farcite<\/strong><\/p>\n<p class=\"style9\" style=\"text-align: center;\"><strong>Carnaroli cremoso agli asparagi<\/strong><br \/><strong>I nostri agnolotti di stufato<\/strong><\/p>\n<p class=\"style9\" style=\"text-align: center;\"><strong>Agnello in umido con finocchi gratinati<\/strong><br \/><strong>Arrosto di capocollo alle erbe aromatiche<\/strong><br \/><strong>Patate al forno<\/strong><\/p>\n<p class=\"style9\" style=\"text-align: center;\"><strong>Uovo di Pasqua<\/strong><br \/><strong>Tradizionale colomba con crema al limoncello<\/strong><\/p>\n<p class=\"style9\" style=\"text-align: center;\"><strong>Caff\u00e8 e digestivo<\/strong><\/p>\n<p class=\"style9\" style=\"text-align: center;\"><strong><span class=\"style11\">In abbinamento vini dell\u2019Az. Agr. C\u00e0 del Pero di Santa Giuletta<\/span><\/strong><\/p>\n<p class=\"style8\" style=\"text-align: center;\"><span style=\"color: #ff0000;\"><strong>GRADITA PRENOTAZIONE: 339\/5327478 DEBORAH<\/strong><\/span><br \/><span style=\"color: #ff0000;\"><strong>Siamo un piccolo agriturismo a gestione familiare pertanto chiediamo la gentilezza di disdire la prenotazione in caso di impedimento per permetterci di organizzare al meglio il nostro lavoro<\/strong><\/span><\/p>\n<p class=\"style7\" style=\"text-align: center;\"><em><strong>Il men\u00f9 pu\u00f2 subire variazioni in base alla disponibilit\u00e0 delle materie prime. Si prega di comunicare allergie, intolleranze o richieste fuori menu all\u2019atto della prenotazione. Bimbi 0-3 anni gratis, 4-10 anni Euro 30,00, da 11 anni prezzo pieno<\/strong><\/em><\/p>\n<p style=\"text-align: center;\"><span style=\"color: #ff0000;\"><strong><a href=\"http:\/\/agriturismoilcastagno.it\/\" target=\"_blank\" rel=\"noopener\"><span style=\"text-decoration: underline; color: #3366ff;\">VISITA IL SITO INTERNET DELL&#8217;AGRITURISMO IL CASTAGNO<\/span><\/a><\/strong><\/span><\/p>\n<p class=\"style8\" style=\"text-align: center;\"><span style=\"color: #ff0000;\"><strong>IL MENU&#8217; DEL PRANZO DI PASQUETTA &#8211; LUNEDI&#8217; 1 APRILE 2024<\/strong><\/span><\/p>\n<p class=\"style9\" style=\"text-align: center;\"><strong>Salumi di ns. produzione<\/strong><br \/><strong>Insalata russa<\/strong><br \/><strong>Salamino cotto con chutney di mele renette<\/strong><br \/><strong>Uova farcite<\/strong><\/p>\n<p class=\"style9\" style=\"text-align: center;\"><strong>Carnaroli cremoso agli asparagi<\/strong><br \/><strong>I nostri agnolotti di stufato<\/strong><\/p>\n<p class=\"style9\" style=\"text-align: center;\"><strong>Capriolo in umido con crostini di polenta<\/strong><br \/><strong>Arrosto di capocollo alle erbe aromatiche<\/strong><br \/><strong>Patate al forno<\/strong><\/p>\n<p class=\"style9\" style=\"text-align: center;\"><strong>Uovo di Pasqua<\/strong><br \/><strong>Tradizionale colomba con crema al limoncello<\/strong><\/p>\n<p class=\"style9\" style=\"text-align: center;\"><strong>Caff\u00e8 e digestivo<\/strong><\/p>\n<p class=\"style9\" style=\"text-align: center;\"><strong><span class=\"style10\">In abbinamento vini dell\u2019Az. Agr. C\u00e0 del Pero di Santa Giuletta<\/span><\/strong><\/p>\n<p class=\"style8\" style=\"text-align: center;\"><span style=\"color: #ff0000;\"><strong>GRADITA PRENOTAZIONE: 339\/5327478 DEBORAH<\/strong><\/span><br \/><span style=\"color: #ff0000;\"><strong>Siamo un piccolo agriturismo a gestione familiare pertanto chiediamo la gentilezza di disdire la prenotazione in caso di impedimento per permetterci di organizzare al meglio il nostro lavoro<\/strong><\/span><\/p>\n<p style=\"text-align: center;\"><em><strong><span class=\"style7\">Il men\u00f9 pu\u00f2 subire variazioni in base alla disponibilit\u00e0 delle materie prime. Si prega di comunicare allergie, intolleranze o richieste fuori menu all\u2019atto della prenotazione. Bimbi 0-3 anni gratis, 4-10 anni euro 30,00, da 11 anni prezzo pieno<\/span><\/strong><\/em><\/p>\n<p style=\"text-align: center;\"><strong><span class=\"style7\"><span style=\"color: #ff0000;\"><a href=\"http:\/\/agriturismoilcastagno.it\/\" target=\"_blank\" rel=\"noopener\"><span style=\"text-decoration: underline; color: #3366ff;\">VISITA IL SITO INTERNET DELL&#8217;AGRITURISMO IL CASTAGNO<\/span><\/a><\/span><\/span><\/strong><\/p>\n<p>[\/et_pb_text][et_pb_code _builder_version=&#8221;4.24.2&#8243; _module_preset=&#8221;default&#8221; hover_enabled=&#8221;0&#8243; global_colors_info=&#8221;{}&#8221; sticky_enabled=&#8221;0&#8243;]<P ALIGN=\"CENTER\"><input type=\"button\" value=\"CHIUDI QUESTA PROPOSTA\"<!-- [et_pb_line_break_holder] -->onclick=&#8221;window.close()&#8221;><\/><!-- [et_pb_line_break_holder] --><!-- [et_pb_line_break_holder] --><!-- Inizio Codice ShinyStat --><!-- [et_pb_line_break_holder] --><script src=\"\/\/codice.shinystat.com\/cgi-bin\/getcod.cgi?USER=SS-50099091-bae32\"><\/script><!-- [et_pb_line_break_holder] --><noscript><!-- [et_pb_line_break_holder] --><a href=\"https:\/\/www.shinystat.com\/it\/\" target=\"_top\" rel=\"noopener\"><!-- [et_pb_line_break_holder] --><img decoding=\"async\" src=\"\/\/www.shinystat.com\/cgi-bin\/shinystat.cgi?USER=SS-50099091-bae32\" alt=\"Statistiche web\" style=\"border:0px\" \/><\/a><!-- [et_pb_line_break_holder] --><\/noscript><!-- [et_pb_line_break_holder] --><!-- Fine Codice ShinyStat --><!-- [et_pb_line_break_holder] -->[\/et_pb_code][\/et_pb_column][\/et_pb_row][\/et_pb_section]<\/p>\n","protected":false},"excerpt":{"rendered":"<p>Pasqua e Pasquetta all&#8217;Agriturismo Il Castagno a Borgo PrioloIL MENU&#8217; DEL PRANZO DI PASQUA &#8211; DOMENICA 31 MARZO 2024 Salumi di nostra produzioneInsalata russaTorta pasqualinaSalamino cotto con chutney di mele renetteUova farcite Carnaroli cremoso agli asparagiI nostri agnolotti di stufato Agnello in umido con finocchi gratinatiArrosto di capocollo alle erbe aromatichePatate al forno Uovo di [&hellip;]<\/p>\n","protected":false},"author":1,"featured_media":151,"parent":0,"menu_order":0,"comment_status":"closed","ping_status":"closed","template":"","meta":{"_et_pb_use_builder":"on","_et_pb_old_content":"","_et_gb_content_width":"","_mc_calendar":[],"footnotes":""},"categories":[1],"tags":[],"class_list":["post-373","page","type-page","status-publish","has-post-thumbnail","hentry","category-pasqua-2024"],"yoast_head":"<!-- This site is optimized with the Yoast SEO plugin v23.9 - https:\/\/yoast.com\/wordpress\/plugins\/seo\/ -->\n<title>Il Pranzo delle Festivit\u00e0 Pasquali all&#039;Agriturismo Il Castagno a Borgo Priolo - Team Oltrepo<\/title>\n<meta name=\"description\" content=\"Il Pranzo delle Festivit\u00e0 Pasquali all&#039;Agriturismo Il Castagno a Borgo Priolo\" \/>\n<meta name=\"robots\" content=\"index, follow, max-snippet:-1, max-image-preview:large, max-video-preview:-1\" \/>\n<link rel=\"canonical\" href=\"https:\/\/teamoltrepo.it\/index.php\/pasqua-pasquetta-agriturismo-il-castagno\/\" \/>\n<meta property=\"og:locale\" content=\"it_IT\" \/>\n<meta property=\"og:type\" content=\"article\" \/>\n<meta property=\"og:title\" content=\"Il Pranzo delle Festivit\u00e0 Pasquali all&#039;Agriturismo Il Castagno a Borgo Priolo - Team Oltrepo\" \/>\n<meta property=\"og:description\" content=\"Il Pranzo delle Festivit\u00e0 Pasquali all&#039;Agriturismo Il Castagno a Borgo Priolo\" \/>\n<meta property=\"og:url\" content=\"https:\/\/teamoltrepo.it\/index.php\/pasqua-pasquetta-agriturismo-il-castagno\/\" \/>\n<meta property=\"og:site_name\" content=\"Team Oltrepo\" \/>\n<meta property=\"article:modified_time\" content=\"2024-03-05T09:38:05+00:00\" \/>\n<meta property=\"og:image\" content=\"https:\/\/teamoltrepo.it\/wp-content\/uploads\/2023\/11\/CASTANO.jpg\" \/>\n\t<meta property=\"og:image:width\" content=\"637\" \/>\n\t<meta property=\"og:image:height\" content=\"528\" \/>\n\t<meta property=\"og:image:type\" content=\"image\/jpeg\" \/>\n<meta name=\"twitter:card\" content=\"summary_large_image\" \/>\n<meta name=\"twitter:label1\" content=\"Tempo di lettura stimato\" \/>\n\t<meta name=\"twitter:data1\" content=\"1 minuto\" \/>\n<script type=\"application\/ld+json\" class=\"yoast-schema-graph\">{\"@context\":\"https:\/\/schema.org\",\"@graph\":[{\"@type\":\"WebPage\",\"@id\":\"https:\/\/teamoltrepo.it\/index.php\/pasqua-pasquetta-agriturismo-il-castagno\/\",\"url\":\"https:\/\/teamoltrepo.it\/index.php\/pasqua-pasquetta-agriturismo-il-castagno\/\",\"name\":\"Il Pranzo delle Festivit\u00e0 Pasquali all'Agriturismo Il Castagno a Borgo Priolo - Team Oltrepo\",\"isPartOf\":{\"@id\":\"https:\/\/teamoltrepo.it\/#website\"},\"primaryImageOfPage\":{\"@id\":\"https:\/\/teamoltrepo.it\/index.php\/pasqua-pasquetta-agriturismo-il-castagno\/#primaryimage\"},\"image\":{\"@id\":\"https:\/\/teamoltrepo.it\/index.php\/pasqua-pasquetta-agriturismo-il-castagno\/#primaryimage\"},\"thumbnailUrl\":\"https:\/\/teamoltrepo.it\/wp-content\/uploads\/2023\/11\/CASTANO.jpg\",\"datePublished\":\"2024-03-05T09:13:31+00:00\",\"dateModified\":\"2024-03-05T09:38:05+00:00\",\"description\":\"Il Pranzo delle Festivit\u00e0 Pasquali all'Agriturismo Il Castagno a Borgo Priolo\",\"breadcrumb\":{\"@id\":\"https:\/\/teamoltrepo.it\/index.php\/pasqua-pasquetta-agriturismo-il-castagno\/#breadcrumb\"},\"inLanguage\":\"it-IT\",\"potentialAction\":[{\"@type\":\"ReadAction\",\"target\":[\"https:\/\/teamoltrepo.it\/index.php\/pasqua-pasquetta-agriturismo-il-castagno\/\"]}]},{\"@type\":\"ImageObject\",\"inLanguage\":\"it-IT\",\"@id\":\"https:\/\/teamoltrepo.it\/index.php\/pasqua-pasquetta-agriturismo-il-castagno\/#primaryimage\",\"url\":\"https:\/\/teamoltrepo.it\/wp-content\/uploads\/2023\/11\/CASTANO.jpg\",\"contentUrl\":\"https:\/\/teamoltrepo.it\/wp-content\/uploads\/2023\/11\/CASTANO.jpg\",\"width\":637,\"height\":528},{\"@type\":\"BreadcrumbList\",\"@id\":\"https:\/\/teamoltrepo.it\/index.php\/pasqua-pasquetta-agriturismo-il-castagno\/#breadcrumb\",\"itemListElement\":[{\"@type\":\"ListItem\",\"position\":1,\"name\":\"Home\",\"item\":\"https:\/\/teamoltrepo.it\/\"},{\"@type\":\"ListItem\",\"position\":2,\"name\":\"Il Pranzo delle Festivit\u00e0 Pasquali all&#8217;Agriturismo Il Castagno a Borgo Priolo\"}]},{\"@type\":\"WebSite\",\"@id\":\"https:\/\/teamoltrepo.it\/#website\",\"url\":\"https:\/\/teamoltrepo.it\/\",\"name\":\"Team Oltrepo\",\"description\":\"La community pi\u00f9 grande ed estesa dedicata al territorio dell\u2019Oltrep\u00f2 Pavese che lo racconta con fotografie e video condivisi dagli utenti\",\"publisher\":{\"@id\":\"https:\/\/teamoltrepo.it\/#organization\"},\"potentialAction\":[{\"@type\":\"SearchAction\",\"target\":{\"@type\":\"EntryPoint\",\"urlTemplate\":\"https:\/\/teamoltrepo.it\/?s={search_term_string}\"},\"query-input\":{\"@type\":\"PropertyValueSpecification\",\"valueRequired\":true,\"valueName\":\"search_term_string\"}}],\"inLanguage\":\"it-IT\"},{\"@type\":\"Organization\",\"@id\":\"https:\/\/teamoltrepo.it\/#organization\",\"name\":\"Team Oltrepo\",\"url\":\"https:\/\/teamoltrepo.it\/\",\"logo\":{\"@type\":\"ImageObject\",\"inLanguage\":\"it-IT\",\"@id\":\"https:\/\/teamoltrepo.it\/#\/schema\/logo\/image\/\",\"url\":\"https:\/\/teamoltrepo.it\/wp-content\/uploads\/2023\/09\/logo_team_oltrepo.jpg\",\"contentUrl\":\"https:\/\/teamoltrepo.it\/wp-content\/uploads\/2023\/09\/logo_team_oltrepo.jpg\",\"width\":1563,\"height\":1563,\"caption\":\"Team Oltrepo\"},\"image\":{\"@id\":\"https:\/\/teamoltrepo.it\/#\/schema\/logo\/image\/\"}}]}<\/script>\n<!-- \/ Yoast SEO plugin. -->","yoast_head_json":{"title":"Il Pranzo delle Festivit\u00e0 Pasquali all'Agriturismo Il Castagno a Borgo Priolo - Team Oltrepo","description":"Il Pranzo delle Festivit\u00e0 Pasquali all'Agriturismo Il Castagno a Borgo Priolo","robots":{"index":"index","follow":"follow","max-snippet":"max-snippet:-1","max-image-preview":"max-image-preview:large","max-video-preview":"max-video-preview:-1"},"canonical":"https:\/\/teamoltrepo.it\/index.php\/pasqua-pasquetta-agriturismo-il-castagno\/","og_locale":"it_IT","og_type":"article","og_title":"Il Pranzo delle Festivit\u00e0 Pasquali all'Agriturismo Il Castagno a Borgo Priolo - Team Oltrepo","og_description":"Il Pranzo delle Festivit\u00e0 Pasquali all'Agriturismo Il Castagno a Borgo Priolo","og_url":"https:\/\/teamoltrepo.it\/index.php\/pasqua-pasquetta-agriturismo-il-castagno\/","og_site_name":"Team Oltrepo","article_modified_time":"2024-03-05T09:38:05+00:00","og_image":[{"width":637,"height":528,"url":"https:\/\/teamoltrepo.it\/wp-content\/uploads\/2023\/11\/CASTANO.jpg","type":"image\/jpeg"}],"twitter_card":"summary_large_image","twitter_misc":{"Tempo di lettura stimato":"1 minuto"},"schema":{"@context":"https:\/\/schema.org","@graph":[{"@type":"WebPage","@id":"https:\/\/teamoltrepo.it\/index.php\/pasqua-pasquetta-agriturismo-il-castagno\/","url":"https:\/\/teamoltrepo.it\/index.php\/pasqua-pasquetta-agriturismo-il-castagno\/","name":"Il Pranzo delle Festivit\u00e0 Pasquali all'Agriturismo Il Castagno a Borgo Priolo - Team Oltrepo","isPartOf":{"@id":"https:\/\/teamoltrepo.it\/#website"},"primaryImageOfPage":{"@id":"https:\/\/teamoltrepo.it\/index.php\/pasqua-pasquetta-agriturismo-il-castagno\/#primaryimage"},"image":{"@id":"https:\/\/teamoltrepo.it\/index.php\/pasqua-pasquetta-agriturismo-il-castagno\/#primaryimage"},"thumbnailUrl":"https:\/\/teamoltrepo.it\/wp-content\/uploads\/2023\/11\/CASTANO.jpg","datePublished":"2024-03-05T09:13:31+00:00","dateModified":"2024-03-05T09:38:05+00:00","description":"Il Pranzo delle Festivit\u00e0 Pasquali all'Agriturismo Il Castagno a Borgo Priolo","breadcrumb":{"@id":"https:\/\/teamoltrepo.it\/index.php\/pasqua-pasquetta-agriturismo-il-castagno\/#breadcrumb"},"inLanguage":"it-IT","potentialAction":[{"@type":"ReadAction","target":["https:\/\/teamoltrepo.it\/index.php\/pasqua-pasquetta-agriturismo-il-castagno\/"]}]},{"@type":"ImageObject","inLanguage":"it-IT","@id":"https:\/\/teamoltrepo.it\/index.php\/pasqua-pasquetta-agriturismo-il-castagno\/#primaryimage","url":"https:\/\/teamoltrepo.it\/wp-content\/uploads\/2023\/11\/CASTANO.jpg","contentUrl":"https:\/\/teamoltrepo.it\/wp-content\/uploads\/2023\/11\/CASTANO.jpg","width":637,"height":528},{"@type":"BreadcrumbList","@id":"https:\/\/teamoltrepo.it\/index.php\/pasqua-pasquetta-agriturismo-il-castagno\/#breadcrumb","itemListElement":[{"@type":"ListItem","position":1,"name":"Home","item":"https:\/\/teamoltrepo.it\/"},{"@type":"ListItem","position":2,"name":"Il Pranzo delle Festivit\u00e0 Pasquali all&#8217;Agriturismo Il Castagno a Borgo Priolo"}]},{"@type":"WebSite","@id":"https:\/\/teamoltrepo.it\/#website","url":"https:\/\/teamoltrepo.it\/","name":"Team Oltrepo","description":"La community pi\u00f9 grande ed estesa dedicata al territorio dell\u2019Oltrep\u00f2 Pavese che lo racconta con fotografie e video condivisi dagli utenti","publisher":{"@id":"https:\/\/teamoltrepo.it\/#organization"},"potentialAction":[{"@type":"SearchAction","target":{"@type":"EntryPoint","urlTemplate":"https:\/\/teamoltrepo.it\/?s={search_term_string}"},"query-input":{"@type":"PropertyValueSpecification","valueRequired":true,"valueName":"search_term_string"}}],"inLanguage":"it-IT"},{"@type":"Organization","@id":"https:\/\/teamoltrepo.it\/#organization","name":"Team Oltrepo","url":"https:\/\/teamoltrepo.it\/","logo":{"@type":"ImageObject","inLanguage":"it-IT","@id":"https:\/\/teamoltrepo.it\/#\/schema\/logo\/image\/","url":"https:\/\/teamoltrepo.it\/wp-content\/uploads\/2023\/09\/logo_team_oltrepo.jpg","contentUrl":"https:\/\/teamoltrepo.it\/wp-content\/uploads\/2023\/09\/logo_team_oltrepo.jpg","width":1563,"height":1563,"caption":"Team Oltrepo"},"image":{"@id":"https:\/\/teamoltrepo.it\/#\/schema\/logo\/image\/"}}]}},"_links":{"self":[{"href":"https:\/\/teamoltrepo.it\/index.php\/wp-json\/wp\/v2\/pages\/373","targetHints":{"allow":["GET"]}}],"collection":[{"href":"https:\/\/teamoltrepo.it\/index.php\/wp-json\/wp\/v2\/pages"}],"about":[{"href":"https:\/\/teamoltrepo.it\/index.php\/wp-json\/wp\/v2\/types\/page"}],"author":[{"embeddable":true,"href":"https:\/\/teamoltrepo.it\/index.php\/wp-json\/wp\/v2\/users\/1"}],"replies":[{"embeddable":true,"href":"https:\/\/teamoltrepo.it\/index.php\/wp-json\/wp\/v2\/comments?post=373"}],"version-history":[{"count":3,"href":"https:\/\/teamoltrepo.it\/index.php\/wp-json\/wp\/v2\/pages\/373\/revisions"}],"predecessor-version":[{"id":383,"href":"https:\/\/teamoltrepo.it\/index.php\/wp-json\/wp\/v2\/pages\/373\/revisions\/383"}],"wp:featuredmedia":[{"embeddable":true,"href":"https:\/\/teamoltrepo.it\/index.php\/wp-json\/wp\/v2\/media\/151"}],"wp:attachment":[{"href":"https:\/\/teamoltrepo.it\/index.php\/wp-json\/wp\/v2\/media?parent=373"}],"wp:term":[{"taxonomy":"category","embeddable":true,"href":"https:\/\/teamoltrepo.it\/index.php\/wp-json\/wp\/v2\/categories?post=373"},{"taxonomy":"post_tag","embeddable":true,"href":"https:\/\/teamoltrepo.it\/index.php\/wp-json\/wp\/v2\/tags?post=373"}],"curies":[{"name":"wp","href":"https:\/\/api.w.org\/{rel}","templated":true}]}}