{"id":345,"date":"2024-02-27T08:04:21","date_gmt":"2024-02-27T08:04:21","guid":{"rendered":"https:\/\/teamoltrepo.it\/?page_id=345"},"modified":"2024-03-05T09:39:46","modified_gmt":"2024-03-05T09:39:46","slug":"pasqua-agriturismo-torrazzetta","status":"publish","type":"page","link":"https:\/\/teamoltrepo.it\/index.php\/pasqua-agriturismo-torrazzetta\/","title":{"rendered":"Il Pranzo delle Festivit\u00e0 Pasquali all&#8217;Agriturismo Torrazzetta"},"content":{"rendered":"<p>[et_pb_section fb_built=&#8221;1&#8243; admin_label=&#8221;Features&#8221; _builder_version=&#8221;4.24.2&#8243; _module_preset=&#8221;default&#8221; background_image=&#8221;https:\/\/teamoltrepo.it\/wp-content\/uploads\/2024\/02\/sfondo_pop.jpg&#8221; border_radii=&#8221;on|NaNpx|NaNpx|NaNpx|NaNpx&#8221; collapsed=&#8221;on&#8221; global_colors_info=&#8221;{}&#8221;][et_pb_row _builder_version=&#8221;4.23.1&#8243; _module_preset=&#8221;default&#8221; background_color=&#8221;#ffffff&#8221; width=&#8221;88%&#8221; max_width=&#8221;1033px&#8221; border_radii=&#8221;on|10px|10px|10px|10px&#8221; border_width_all=&#8221;2px&#8221; border_color_all=&#8221;#E02B20&#8243; global_colors_info=&#8221;{}&#8221;][et_pb_column type=&#8221;4_4&#8243; _builder_version=&#8221;4.21.0&#8243; _module_preset=&#8221;default&#8221; global_colors_info=&#8221;{}&#8221;][et_pb_text _builder_version=&#8221;4.24.2&#8243; _module_preset=&#8221;109fd070-167a-444f-bbc4-412bb46f9115&#8243; header_2_font_size=&#8221;30px&#8221; text_orientation=&#8221;center&#8221; width=&#8221;800px&#8221; max_width=&#8221;800px&#8221; module_alignment=&#8221;center&#8221; global_colors_info=&#8221;{}&#8221;]<\/p>\n<h2><span style=\"color: #ff0000;\">Pasqua e Pasquetta all&#8217;Agriturismo Torrazzetta a Borgo Priolo<\/span><\/h2>\n<p>[\/et_pb_text][et_pb_image src=&#8221;https:\/\/teamoltrepo.it\/wp-content\/uploads\/2024\/02\/torrazzetta_pasqua.jpg&#8221; title_text=&#8221;torrazzetta_pasqua&#8221; align=&#8221;center&#8221; _builder_version=&#8221;4.24.2&#8243; _module_preset=&#8221;default&#8221; custom_margin=&#8221;|10px||10px|false|true&#8221; border_radii=&#8221;on|10px|10px|10px|10px&#8221; border_width_all=&#8221;2px&#8221; border_color_all=&#8221;#E02B20&#8243; global_colors_info=&#8221;{}&#8221;][\/et_pb_image][et_pb_text _builder_version=&#8221;4.24.2&#8243; _module_preset=&#8221;default&#8221; global_colors_info=&#8221;{}&#8221;]<\/p>\n<p style=\"text-align: center;\"><img loading=\"lazy\" decoding=\"async\" src=\"https:\/\/teamoltrepo.it\/wp-content\/uploads\/2024\/02\/pasqua-1.jpg\" width=\"120\" height=\"133\" alt=\"\" class=\"wp-image-348 alignnone size-full\" \/><\/p>\n<p style=\"text-align: center;\"><span style=\"color: #ff0000;\"><strong>IL PRANZO DI PASQUA 2024 &#8211; DOMENICA 31 MARZO<\/strong><\/span><\/p>\n<p style=\"text-align: center;\"><span style=\"color: #ff0000;\"><strong>Aperitivo<\/strong><\/span><br \/><strong>Spumante Metodo Classico Torrazzetta oppure Analcolico della casa allo sciroppo di fiori di Sambuco<\/strong><br \/><strong>Focaccine di farina integrale fatte in casa con guanciale affumicato<\/strong><br \/><strong>Focaccine di farina integrale fatte in casa con rosmarino<\/strong><\/p>\n<p style=\"text-align: center;\"><span style=\"color: #ff0000;\"><strong>Antipasti<\/strong><\/span><br \/><strong>Uova sode colorate servite con maionese fatta in casa all\u2019erba cipollina del nostro orto<\/strong><br \/><strong>Tris di salumi tipici: Salame, Coppa, Pancetta<\/strong><br \/><strong>Tris di conserve di verdure di nostra produzione:<\/strong><br \/><strong>Salsina sfiziosa (peperoni, carote e tonno)<\/strong><br \/><strong>Orecchiette sott\u2019olio (funghi Pleurotus Ostreatus)<\/strong><br \/><strong>Cipolline borettane sott\u2019aceto con sciroppo di Cro\u00e0<\/strong><\/p>\n<p style=\"text-align: center;\"><span style=\"color: #ff0000;\"><strong>Bis di Primi Piatti fatti in casa<\/strong><\/span><br \/><strong>Ravioloni di farina integrale fatti a mano ripieni di ricotta e spinaci al burro fuso di montagna ed erba cipollina dell\u2019orto<\/strong><br \/><strong>St\u00e2ng \u00e2 l\u2019\u00fcs (pasta fatta a mano con farina integrale, di tre colori dati dall\u2019impasto con carote, barbabietole e spinaci) al sugo di agnello<\/strong><\/p>\n<p style=\"text-align: center;\"><span style=\"color: #ff0000;\"><strong>Bis di Secondi Piatti<\/strong><\/span><br \/><strong>Affettato di Porcaloca (arrosto di maiale ed oca)<\/strong><br \/><strong>Agnello al forno<\/strong><br \/><strong>Insalata del nostro orto<\/strong><\/p>\n<p style=\"text-align: center;\"><span style=\"color: #ff0000;\"><strong>Dolce<\/strong><\/span><br \/><strong>B\u00fcsel\u00e2<\/strong><br \/><strong>(torta di farina integrale e frutta servita calda) <\/strong><strong>con crema pasticcera al \u201cTordimonte\u201d (vino da dessert)<\/strong><\/p>\n<p style=\"text-align: center;\"><strong>Tazzina di Moka<\/strong><\/p>\n<p style=\"text-align: center;\"><strong>Acqua e fino ad una bottiglia di vino base ogni due adulti inclusi<\/strong><\/p>\n<p style=\"text-align: center;\"><span style=\"color: #ff0000;\"><strong>L\u2019azienda si riserva di apportare variazioni al menu.<\/strong><\/span><br \/><span style=\"color: #ff0000;\"><strong>Per i piccoli ospiti non \u00e8 riservato un men\u00f9 dedicato ma \u00e8 previsto un prezzo agevolato fino agli 11 anni.<\/strong><\/span><br \/><span style=\"color: #ff0000;\"><strong>INFORMAZIONI E PRENOTAZIONI 0383.871041<\/strong><\/span><\/p>\n<p style=\"text-align: center;\"><span style=\"color: #ff0000;\"><strong><a href=\"https:\/\/torrazzetta.com\/\" target=\"_blank\" rel=\"noopener\"><span style=\"text-decoration: underline; color: #3366ff;\">VISITA IL SITO INTERNET DELL&#8217;AGRITURISMO TORRAZZETTA<\/span><\/a><\/strong><\/span><\/p>\n<p style=\"text-align: center;\"><span style=\"color: #ff0000;\"><strong><img loading=\"lazy\" decoding=\"async\" src=\"https:\/\/teamoltrepo.it\/wp-content\/uploads\/2024\/02\/pasqua-1.jpg\" width=\"123\" height=\"137\" alt=\"\" class=\"wp-image-348 alignnone size-full\" \/><\/strong><\/span><\/p>\n<p style=\"text-align: center;\"><span style=\"color: #ff0000;\"><strong>IL PRANZO DI PASQUETTA 2024 &#8211; LUNEDI&#8217; 1 APRILE<\/strong><\/span><\/p>\n<p style=\"text-align: center;\"><span style=\"color: #ff0000;\"><strong>Aperitivo<\/strong><\/span><br \/><strong>Spumante Metodo Classico Torrazzetta oppure Analcolico della casa allo sciroppo di fiori di Sambuco<\/strong><br \/><strong>Focaccine di farina integrale fatte in casa con guanciale affumicato<\/strong><br \/><strong>Focaccine di farina integrale fatte in casa con rosmarino<\/strong><\/p>\n<p style=\"text-align: center;\"><span style=\"color: #ff0000;\"><strong>Antipasti<\/strong><\/span><br \/><strong>Uova sode colorate servite con maionese fatta in casa all\u2019erba cipollina del nostro orto<\/strong><br \/><strong>Tris di salumi tipici: Salame, Coppa, Pancetta<\/strong><br \/><strong>Tris di conserve di verdure di nostra produzione:<\/strong><br \/><strong>Salsina sfiziosa (peperoni, carote e tonno)<\/strong><br \/><strong>Orecchiette sott\u2019olio (funghi Pleurotus Ostreatus)<\/strong><br \/><strong>Cipolline borettane sott\u2019aceto con sciroppo di Cro\u00e0<\/strong><\/p>\n<p style=\"text-align: center;\"><span style=\"color: #ff0000;\"><strong>Bis di Primi Piatti fatti in casa<\/strong><\/span><br \/><strong>Ravioloni di farina integrale fatti a mano ripieni di ricotta e spinaci al burro fuso di montagna ed erba cipollina dell\u2019orto<\/strong><br \/><strong>St\u00e2ng \u00e2 l\u2019\u00fcs (pasta fatta a mano con farina integrale, di tre colori dati dall\u2019impasto con carote, barbabietole e spinaci) al sugo di agnello<\/strong><\/p>\n<p style=\"text-align: center;\"><span style=\"color: #ff0000;\"><strong>Bis di Secondi Piatti<\/strong><\/span><br \/><strong>Affettato di Porcaloca (arrosto di maiale ed oca)<\/strong><br \/><strong>Agnello al forno<\/strong><br \/><strong>Insalata del nostro orto<\/strong><\/p>\n<p style=\"text-align: center;\"><span style=\"color: #ff0000;\"><strong>Dolce<\/strong><\/span><br \/><strong>B\u00fcsel\u00e2<\/strong><br \/><strong>(torta di farina integrale e frutta servita calda) <\/strong><strong>con crema pasticcera al \u201cTordimonte\u201d (vino da dessert)<\/strong><\/p>\n<p style=\"text-align: center;\"><strong>Tazzina di Moka<\/strong><\/p>\n<p style=\"text-align: center;\"><strong>Acqua e fino ad una bottiglia di vino base ogni due adulti inclusi<\/strong><\/p>\n<p style=\"text-align: center;\"><span style=\"color: #ff0000;\"><strong>L\u2019azienda si riserva di apportare variazioni al menu.<\/strong><\/span><br \/><span style=\"color: #ff0000;\"><strong>Per i piccoli ospiti non \u00e8 riservato un men\u00f9 dedicato ma \u00e8 previsto un prezzo agevolato fino agli 11 anni.<\/strong><\/span><br \/><span style=\"color: #ff0000;\"><strong>INFORMAZIONI E PRENOTAZIONI 0383.871041<\/strong><\/span><\/p>\n<p style=\"text-align: center;\"><em><strong>Pane integrale fatto in casa.<\/strong><\/em><br \/><em><strong>Spumanti e Vini naturali Torrazzetta\u00ae<\/strong><\/em><br \/><em><strong>Tutte le nostre paste sono fatte in casa:<\/strong><\/em><br \/><em><strong>Le paste ripiene fatte a mano con farina integrale<\/strong><\/em><br \/><em><strong>Le paste di grano duro trafilate al bronzo<\/strong><\/em><br \/><em><strong>Le verdure sono del nostro orto biologico<\/strong><\/em><\/p>\n<p style=\"text-align: center;\"><span style=\"color: #ff0000;\"><strong><a href=\"https:\/\/torrazzetta.com\/\" target=\"_blank\" rel=\"noopener\"><span style=\"text-decoration: underline; color: #3366ff;\">VISITA IL SITO INTERNET DELL&#8217;AGRITURISMO TORRAZZETTA<\/span><\/a><\/strong><\/span><\/p>\n<p>&nbsp;<\/p>\n<p>[\/et_pb_text][et_pb_code _builder_version=&#8221;4.24.2&#8243; _module_preset=&#8221;default&#8221; hover_enabled=&#8221;0&#8243; global_colors_info=&#8221;{}&#8221; sticky_enabled=&#8221;0&#8243;]<P ALIGN=\"CENTER\"><input type=\"button\" value=\"CHIUDI QUESTA PROPOSTA\"<!-- [et_pb_line_break_holder] -->onclick=&#8221;window.close()&#8221;><\/><!-- [et_pb_line_break_holder] --><!-- [et_pb_line_break_holder] --><!-- Inizio Codice ShinyStat --><!-- [et_pb_line_break_holder] --><script src=\"\/\/codice.shinystat.com\/cgi-bin\/getcod.cgi?USER=SS-50099091-bae32\"><\/script><!-- [et_pb_line_break_holder] --><noscript><!-- [et_pb_line_break_holder] --><a href=\"https:\/\/www.shinystat.com\/it\/\" target=\"_top\" rel=\"noopener\"><!-- [et_pb_line_break_holder] --><img decoding=\"async\" src=\"\/\/www.shinystat.com\/cgi-bin\/shinystat.cgi?USER=SS-50099091-bae32\" alt=\"Statistiche web\" style=\"border:0px\" \/><\/a><!-- [et_pb_line_break_holder] --><\/noscript><!-- [et_pb_line_break_holder] --><!-- Fine Codice ShinyStat --><!-- [et_pb_line_break_holder] -->[\/et_pb_code][\/et_pb_column][\/et_pb_row][\/et_pb_section]<\/p>\n","protected":false},"excerpt":{"rendered":"<p>Pasqua e Pasquetta all&#8217;Agriturismo Torrazzetta a Borgo Priolo IL PRANZO DI PASQUA 2024 &#8211; DOMENICA 31 MARZO AperitivoSpumante Metodo Classico Torrazzetta oppure Analcolico della casa allo sciroppo di fiori di SambucoFocaccine di farina integrale fatte in casa con guanciale affumicatoFocaccine di farina integrale fatte in casa con rosmarino AntipastiUova sode colorate servite con maionese fatta [&hellip;]<\/p>\n","protected":false},"author":1,"featured_media":346,"parent":0,"menu_order":0,"comment_status":"closed","ping_status":"closed","template":"","meta":{"_et_pb_use_builder":"on","_et_pb_old_content":"","_et_gb_content_width":"","_mc_calendar":[],"footnotes":""},"categories":[1],"tags":[],"class_list":["post-345","page","type-page","status-publish","has-post-thumbnail","hentry","category-pasqua-2024"],"yoast_head":"<!-- This site is optimized with the Yoast SEO plugin v23.9 - https:\/\/yoast.com\/wordpress\/plugins\/seo\/ -->\n<title>Il Pranzo delle Festivit\u00e0 Pasquali all&#039;Agriturismo Torrazzetta - Team Oltrepo<\/title>\n<meta name=\"description\" content=\"Il men\u00f9 del pranzo di Pasqua e Pasquetta all&#039;Agriturismo La Roveda a Montebello della Battaglia\" \/>\n<meta name=\"robots\" content=\"index, follow, max-snippet:-1, max-image-preview:large, max-video-preview:-1\" \/>\n<link rel=\"canonical\" href=\"https:\/\/teamoltrepo.it\/index.php\/pasqua-agriturismo-torrazzetta\/\" \/>\n<meta property=\"og:locale\" content=\"it_IT\" \/>\n<meta property=\"og:type\" content=\"article\" \/>\n<meta property=\"og:title\" content=\"Il Pranzo delle Festivit\u00e0 Pasquali all&#039;Agriturismo Torrazzetta - Team Oltrepo\" \/>\n<meta property=\"og:description\" content=\"Il men\u00f9 del pranzo di Pasqua e Pasquetta all&#039;Agriturismo La Roveda a Montebello della Battaglia\" \/>\n<meta property=\"og:url\" content=\"https:\/\/teamoltrepo.it\/index.php\/pasqua-agriturismo-torrazzetta\/\" \/>\n<meta property=\"og:site_name\" content=\"Team Oltrepo\" \/>\n<meta property=\"article:modified_time\" content=\"2024-03-05T09:39:46+00:00\" \/>\n<meta property=\"og:image\" content=\"https:\/\/teamoltrepo.it\/wp-content\/uploads\/2024\/02\/torrazzetta_pasqua.jpg\" \/>\n\t<meta property=\"og:image:width\" content=\"778\" \/>\n\t<meta property=\"og:image:height\" content=\"791\" \/>\n\t<meta property=\"og:image:type\" content=\"image\/jpeg\" \/>\n<meta name=\"twitter:card\" content=\"summary_large_image\" \/>\n<meta name=\"twitter:label1\" content=\"Tempo di lettura stimato\" \/>\n\t<meta name=\"twitter:data1\" content=\"3 minuti\" \/>\n<script type=\"application\/ld+json\" class=\"yoast-schema-graph\">{\"@context\":\"https:\/\/schema.org\",\"@graph\":[{\"@type\":\"WebPage\",\"@id\":\"https:\/\/teamoltrepo.it\/index.php\/pasqua-agriturismo-torrazzetta\/\",\"url\":\"https:\/\/teamoltrepo.it\/index.php\/pasqua-agriturismo-torrazzetta\/\",\"name\":\"Il Pranzo delle Festivit\u00e0 Pasquali all'Agriturismo Torrazzetta - Team Oltrepo\",\"isPartOf\":{\"@id\":\"https:\/\/teamoltrepo.it\/#website\"},\"primaryImageOfPage\":{\"@id\":\"https:\/\/teamoltrepo.it\/index.php\/pasqua-agriturismo-torrazzetta\/#primaryimage\"},\"image\":{\"@id\":\"https:\/\/teamoltrepo.it\/index.php\/pasqua-agriturismo-torrazzetta\/#primaryimage\"},\"thumbnailUrl\":\"https:\/\/teamoltrepo.it\/wp-content\/uploads\/2024\/02\/torrazzetta_pasqua.jpg\",\"datePublished\":\"2024-02-27T08:04:21+00:00\",\"dateModified\":\"2024-03-05T09:39:46+00:00\",\"description\":\"Il men\u00f9 del pranzo di Pasqua e Pasquetta all'Agriturismo La Roveda a Montebello della Battaglia\",\"breadcrumb\":{\"@id\":\"https:\/\/teamoltrepo.it\/index.php\/pasqua-agriturismo-torrazzetta\/#breadcrumb\"},\"inLanguage\":\"it-IT\",\"potentialAction\":[{\"@type\":\"ReadAction\",\"target\":[\"https:\/\/teamoltrepo.it\/index.php\/pasqua-agriturismo-torrazzetta\/\"]}]},{\"@type\":\"ImageObject\",\"inLanguage\":\"it-IT\",\"@id\":\"https:\/\/teamoltrepo.it\/index.php\/pasqua-agriturismo-torrazzetta\/#primaryimage\",\"url\":\"https:\/\/teamoltrepo.it\/wp-content\/uploads\/2024\/02\/torrazzetta_pasqua.jpg\",\"contentUrl\":\"https:\/\/teamoltrepo.it\/wp-content\/uploads\/2024\/02\/torrazzetta_pasqua.jpg\",\"width\":778,\"height\":791},{\"@type\":\"BreadcrumbList\",\"@id\":\"https:\/\/teamoltrepo.it\/index.php\/pasqua-agriturismo-torrazzetta\/#breadcrumb\",\"itemListElement\":[{\"@type\":\"ListItem\",\"position\":1,\"name\":\"Home\",\"item\":\"https:\/\/teamoltrepo.it\/\"},{\"@type\":\"ListItem\",\"position\":2,\"name\":\"Il Pranzo delle Festivit\u00e0 Pasquali all&#8217;Agriturismo Torrazzetta\"}]},{\"@type\":\"WebSite\",\"@id\":\"https:\/\/teamoltrepo.it\/#website\",\"url\":\"https:\/\/teamoltrepo.it\/\",\"name\":\"Team Oltrepo\",\"description\":\"La community pi\u00f9 grande ed estesa dedicata al territorio dell\u2019Oltrep\u00f2 Pavese che lo racconta con fotografie e video condivisi dagli utenti\",\"publisher\":{\"@id\":\"https:\/\/teamoltrepo.it\/#organization\"},\"potentialAction\":[{\"@type\":\"SearchAction\",\"target\":{\"@type\":\"EntryPoint\",\"urlTemplate\":\"https:\/\/teamoltrepo.it\/?s={search_term_string}\"},\"query-input\":{\"@type\":\"PropertyValueSpecification\",\"valueRequired\":true,\"valueName\":\"search_term_string\"}}],\"inLanguage\":\"it-IT\"},{\"@type\":\"Organization\",\"@id\":\"https:\/\/teamoltrepo.it\/#organization\",\"name\":\"Team Oltrepo\",\"url\":\"https:\/\/teamoltrepo.it\/\",\"logo\":{\"@type\":\"ImageObject\",\"inLanguage\":\"it-IT\",\"@id\":\"https:\/\/teamoltrepo.it\/#\/schema\/logo\/image\/\",\"url\":\"https:\/\/teamoltrepo.it\/wp-content\/uploads\/2023\/09\/logo_team_oltrepo.jpg\",\"contentUrl\":\"https:\/\/teamoltrepo.it\/wp-content\/uploads\/2023\/09\/logo_team_oltrepo.jpg\",\"width\":1563,\"height\":1563,\"caption\":\"Team Oltrepo\"},\"image\":{\"@id\":\"https:\/\/teamoltrepo.it\/#\/schema\/logo\/image\/\"}}]}<\/script>\n<!-- \/ Yoast SEO plugin. -->","yoast_head_json":{"title":"Il Pranzo delle Festivit\u00e0 Pasquali all'Agriturismo Torrazzetta - Team Oltrepo","description":"Il men\u00f9 del pranzo di Pasqua e Pasquetta all'Agriturismo La Roveda a Montebello della Battaglia","robots":{"index":"index","follow":"follow","max-snippet":"max-snippet:-1","max-image-preview":"max-image-preview:large","max-video-preview":"max-video-preview:-1"},"canonical":"https:\/\/teamoltrepo.it\/index.php\/pasqua-agriturismo-torrazzetta\/","og_locale":"it_IT","og_type":"article","og_title":"Il Pranzo delle Festivit\u00e0 Pasquali all'Agriturismo Torrazzetta - Team Oltrepo","og_description":"Il men\u00f9 del pranzo di Pasqua e Pasquetta all'Agriturismo La Roveda a Montebello della Battaglia","og_url":"https:\/\/teamoltrepo.it\/index.php\/pasqua-agriturismo-torrazzetta\/","og_site_name":"Team Oltrepo","article_modified_time":"2024-03-05T09:39:46+00:00","og_image":[{"width":778,"height":791,"url":"https:\/\/teamoltrepo.it\/wp-content\/uploads\/2024\/02\/torrazzetta_pasqua.jpg","type":"image\/jpeg"}],"twitter_card":"summary_large_image","twitter_misc":{"Tempo di lettura stimato":"3 minuti"},"schema":{"@context":"https:\/\/schema.org","@graph":[{"@type":"WebPage","@id":"https:\/\/teamoltrepo.it\/index.php\/pasqua-agriturismo-torrazzetta\/","url":"https:\/\/teamoltrepo.it\/index.php\/pasqua-agriturismo-torrazzetta\/","name":"Il Pranzo delle Festivit\u00e0 Pasquali all'Agriturismo Torrazzetta - Team Oltrepo","isPartOf":{"@id":"https:\/\/teamoltrepo.it\/#website"},"primaryImageOfPage":{"@id":"https:\/\/teamoltrepo.it\/index.php\/pasqua-agriturismo-torrazzetta\/#primaryimage"},"image":{"@id":"https:\/\/teamoltrepo.it\/index.php\/pasqua-agriturismo-torrazzetta\/#primaryimage"},"thumbnailUrl":"https:\/\/teamoltrepo.it\/wp-content\/uploads\/2024\/02\/torrazzetta_pasqua.jpg","datePublished":"2024-02-27T08:04:21+00:00","dateModified":"2024-03-05T09:39:46+00:00","description":"Il men\u00f9 del pranzo di Pasqua e Pasquetta all'Agriturismo La Roveda a Montebello della Battaglia","breadcrumb":{"@id":"https:\/\/teamoltrepo.it\/index.php\/pasqua-agriturismo-torrazzetta\/#breadcrumb"},"inLanguage":"it-IT","potentialAction":[{"@type":"ReadAction","target":["https:\/\/teamoltrepo.it\/index.php\/pasqua-agriturismo-torrazzetta\/"]}]},{"@type":"ImageObject","inLanguage":"it-IT","@id":"https:\/\/teamoltrepo.it\/index.php\/pasqua-agriturismo-torrazzetta\/#primaryimage","url":"https:\/\/teamoltrepo.it\/wp-content\/uploads\/2024\/02\/torrazzetta_pasqua.jpg","contentUrl":"https:\/\/teamoltrepo.it\/wp-content\/uploads\/2024\/02\/torrazzetta_pasqua.jpg","width":778,"height":791},{"@type":"BreadcrumbList","@id":"https:\/\/teamoltrepo.it\/index.php\/pasqua-agriturismo-torrazzetta\/#breadcrumb","itemListElement":[{"@type":"ListItem","position":1,"name":"Home","item":"https:\/\/teamoltrepo.it\/"},{"@type":"ListItem","position":2,"name":"Il Pranzo delle Festivit\u00e0 Pasquali all&#8217;Agriturismo Torrazzetta"}]},{"@type":"WebSite","@id":"https:\/\/teamoltrepo.it\/#website","url":"https:\/\/teamoltrepo.it\/","name":"Team Oltrepo","description":"La community pi\u00f9 grande ed estesa dedicata al territorio dell\u2019Oltrep\u00f2 Pavese che lo racconta con fotografie e video condivisi dagli utenti","publisher":{"@id":"https:\/\/teamoltrepo.it\/#organization"},"potentialAction":[{"@type":"SearchAction","target":{"@type":"EntryPoint","urlTemplate":"https:\/\/teamoltrepo.it\/?s={search_term_string}"},"query-input":{"@type":"PropertyValueSpecification","valueRequired":true,"valueName":"search_term_string"}}],"inLanguage":"it-IT"},{"@type":"Organization","@id":"https:\/\/teamoltrepo.it\/#organization","name":"Team Oltrepo","url":"https:\/\/teamoltrepo.it\/","logo":{"@type":"ImageObject","inLanguage":"it-IT","@id":"https:\/\/teamoltrepo.it\/#\/schema\/logo\/image\/","url":"https:\/\/teamoltrepo.it\/wp-content\/uploads\/2023\/09\/logo_team_oltrepo.jpg","contentUrl":"https:\/\/teamoltrepo.it\/wp-content\/uploads\/2023\/09\/logo_team_oltrepo.jpg","width":1563,"height":1563,"caption":"Team Oltrepo"},"image":{"@id":"https:\/\/teamoltrepo.it\/#\/schema\/logo\/image\/"}}]}},"_links":{"self":[{"href":"https:\/\/teamoltrepo.it\/index.php\/wp-json\/wp\/v2\/pages\/345","targetHints":{"allow":["GET"]}}],"collection":[{"href":"https:\/\/teamoltrepo.it\/index.php\/wp-json\/wp\/v2\/pages"}],"about":[{"href":"https:\/\/teamoltrepo.it\/index.php\/wp-json\/wp\/v2\/types\/page"}],"author":[{"embeddable":true,"href":"https:\/\/teamoltrepo.it\/index.php\/wp-json\/wp\/v2\/users\/1"}],"replies":[{"embeddable":true,"href":"https:\/\/teamoltrepo.it\/index.php\/wp-json\/wp\/v2\/comments?post=345"}],"version-history":[{"count":3,"href":"https:\/\/teamoltrepo.it\/index.php\/wp-json\/wp\/v2\/pages\/345\/revisions"}],"predecessor-version":[{"id":386,"href":"https:\/\/teamoltrepo.it\/index.php\/wp-json\/wp\/v2\/pages\/345\/revisions\/386"}],"wp:featuredmedia":[{"embeddable":true,"href":"https:\/\/teamoltrepo.it\/index.php\/wp-json\/wp\/v2\/media\/346"}],"wp:attachment":[{"href":"https:\/\/teamoltrepo.it\/index.php\/wp-json\/wp\/v2\/media?parent=345"}],"wp:term":[{"taxonomy":"category","embeddable":true,"href":"https:\/\/teamoltrepo.it\/index.php\/wp-json\/wp\/v2\/categories?post=345"},{"taxonomy":"post_tag","embeddable":true,"href":"https:\/\/teamoltrepo.it\/index.php\/wp-json\/wp\/v2\/tags?post=345"}],"curies":[{"name":"wp","href":"https:\/\/api.w.org\/{rel}","templated":true}]}}